
Suppose -20*u = -16*u - 684. What is the greatest common divisor of u and 9?
9
Let s(b) = -b**3 + 12*b**2 - 12*b + 4. Let h be s(10). Calculate the greatest common divisor of 12 and h.
12
Let y = 22 + -11. What is the greatest common divisor of y and 11?
11
Let x(o) = -o**3 + 10*o**2 - 10*o + 12. Let y be x(8). What is the greatest common factor of y and 20?
20
Suppose -4*j - 22 = -254. Calculate the highest common divisor of 29 and j.
29
Let q(l) = 2*l + 16. Let r be q(-10). Let u be r/(-4 + 59/15). Calculate the greatest common factor of 24 and u.
12
Suppose 4*p - 23 = 33. Suppose -x - 22 + 78 = 0. Calculate the greatest common factor of p and x.
14
Let g = -11 - -17. Let o(h) = 2*h - 9. Let f be o(g). Let d be ((-3)/(-2))/((-3)/(-18)). Calculate the greatest common factor of d and f.
3
Let y(s) = -12*s - 6. Let b(t) = -23*t - 12. Let k(q) = 3*b(q) - 7*y(q). Let a be k(6). Let f = 123 + -111. Calculate the highest common divisor of a and f.
12
Let c(j) = j**3 + 6*j**2 - 9*j - 10. Let p be c(-7). Let g(v) = -3*v**2 - 1 + 6*v**2 - 3*v + 0. Let n be g(p). What is the greatest common divisor of 7 and n?
7
Suppose -2*u + 22 = -u + a, -3*a + 106 = 5*u. Suppose 2*h - 9 = -0*h + o, 2*o = 5*h - u. What is the greatest common factor of h and 2?
2
Let k = -77 - 7. Let c = k - -122. Calculate the greatest common factor of c and 57.
19
Let j be 3/(-6) - (-1220)/8. Let g = -72 + j. What is the highest common divisor of g and 10?
10
Let t(g) = -5*g - 12. Let u be t(-16). Calculate the greatest common divisor of 17 and u.
17
Let i be (-1 - 1)*6/(-6). Let h(u) = 5*u - 1. Let d be h(i). What is the greatest common factor of d and 81?
9
Suppose 0 = -i - 4*l + 16, 4*i - i + l = -7. Let z be (-15)/(-20) + (-49)/i. Calculate the greatest common factor of z and 26.
13
Let w be 2*(-5 - -1) + 2. Let x = -5 - w. Calculate the greatest common factor of 1 and x.
1
Suppose 6*v + 335 - 425 = 0. Suppose 9 = -3*y, -2*m + 30 = 3*m - 5*y. What is the highest common divisor of m and v?
3
Let z be 2*1 + 24/(-2). Let b be (-12)/20 - 6/z. Suppose 4*n + 3 = -5*c + 4, -5*c - 15 = b. What is the highest common divisor of 8 and n?
4
Let a = 10 + -6. What is the highest common divisor of 8 and a?
4
Suppose 5*u - j - 104 = 0, -4*u + 2*j = 3*j - 76. Calculate the greatest common divisor of u and 4.
4
Let a(m) = 17*m. Let l be a(-2). Let h = l - -49. What is the greatest common factor of 75 and h?
15
Suppose 0 = -7*o + 2*o + 25. Suppose -4*l + 4*s = o*s - 100, 116 = 4*l - 3*s. Suppose 0 = -3*x - x + 52. Calculate the highest common factor of l and x.
13
Let d(i) = -2*i + 7. Let s be d(-3). Calculate the greatest common factor of 13 and s.
13
Let x(h) = h**2 - 9*h + 3. Let q be x(9). Let v be (4/(-6) - -2)*q. What is the greatest common factor of 4 and v?
4
Suppose 0 = 4*o + 20, -o + 35 = 5*h + 4*o. Let y = h + -7. What is the highest common divisor of y and 5?
5
Suppose -2*u + 290 = 98. What is the highest common divisor of 24 and u?
24
Suppose 0 = 7*d - 8 - 13. What is the highest common divisor of 21 and d?
3
Suppose 5*s = -131 + 16. Let h = s + 32. What is the highest common factor of h and 45?
9
Suppose 0 = -2*t - 16 + 64. Let p be (-1)/((-3)/(-17))*39. Let g be (-2 + 0 - p) + -3. Calculate the greatest common divisor of g and t.
24
Let j be (-21)/(-28) + ((-255)/(-12) - -3). Calculate the greatest common factor of j and 10.
5
Let j be 18/4*130/3. Let z = 0 - -3. Suppose j = z*i + 2*i. Calculate the highest common divisor of i and 26.
13
Let d = -54 + 90. Calculate the highest common divisor of 324 and d.
36
Let l be -61 + -3 + 1 + 3. Let v = -43 - l. What is the greatest common divisor of v and 153?
17
Let y(k) = -k**3 - k**2 - k + 29. Let x be y(0). Suppose 2*f + 226 = z, -f - 3*f + 940 = 4*z. What is the highest common divisor of x and z?
29
Let b(g) = -g + 7. Let a be b(7). Suppose a = -5*k + 5*l + 765, 4*l - 448 - 18 = -3*k. What is the greatest common divisor of 14 and k?
14
Suppose -g = -4, 4*q + 3*g - 6 = 2*q. Suppose -40 = -3*i + 17. Let n = q + i. What is the greatest common factor of 24 and n?
8
Let r = 24 - 20. Let b = 7 + r. Calculate the greatest common divisor of b and 44.
11
Let s be 4 - (2 - 2/2). Suppose -2*w - 4 - 4 = 0, 0 = s*z - 3*w - 351. Let n = z - 58. Calculate the highest common factor of n and 22.
11
Let u be (3 + 1)/(-2 + 1). Let r be 2/(-4) + (-38)/u. Let c = -32 - -59. What is the highest common factor of c and r?
9
Suppose -3*l + 30 + 3 = 0. Suppose -t + 5*g = g - 21, -3*g = 2*t + 13. Let n = l - t. What is the highest common factor of n and 15?
5
Let u(p) = -5*p - 23*p**3 + 5*p**2 + 22*p**3 - 2 + 5. Let k be u(4). Let y(o) = -5*o - 1. Let w be y(k). Calculate the greatest common factor of 44 and w.
4
Let u be 15*(2 - (-1 - 2)). Let g be (-6)/(-4) - (-7)/2. Suppose -g*c - 28 = -103. What is the greatest common divisor of c and u?
15
Let k(s) = -7*s + 26. Let n(t) = -15*t + 53. Let g(f) = 13*k(f) - 6*n(f). Let l be g(10). What is the highest common divisor of 2 and l?
2
Let f = -38 + 54. Suppose 2*l - 48 = -l. What is the highest common factor of f and l?
16
Let h = 16 + -7. Let o = 21 + -11. Let z = 46 - o. What is the highest common factor of z and h?
9
Let l be ((-3)/2)/1*(-5 - -1). Calculate the highest common divisor of l and 54.
6
Let q be 3*-39*(-3)/27. Suppose 77 = w + q. Calculate the greatest common divisor of 16 and w.
16
Let t be (-3)/(-3)*4*1. Let m be (22 + t)*1/2. What is the greatest common divisor of 65 and m?
13
Let j = 28 + -26. Calculate the highest common factor of 5 and j.
1
Let z be -30*(3 + (-18)/5). Calculate the highest common divisor of z and 126.
18
Suppose 22*l - 20*l = 6. Suppose -2*u = l*u - 20. What is the highest common factor of 28 and u?
4
Suppose 34*d - 33*d - 66 = 0. Let z = 15 + -9. What is the highest common factor of d and z?
6
Suppose 0 = -3*f - v + 45, 0*v + 4*v - 30 = -2*f. Calculate the highest common factor of f and 3.
3
Suppose -q = 6 - 2, 4*r + 4*q - 8 = 0. What is the greatest common factor of r and 15?
3
Let g(s) = 3*s**2 + 16*s + 6. Let u be g(-6). What is the greatest common divisor of u and 126?
18
Let b(y) = -y + 2. Let w be b(0). Let u(t) = -1 - 1 + t + 7*t - w. Let p be u(3). Calculate the greatest common divisor of p and 4.
4
Suppose -2*q + 5*u = -3, 4*q + 0*q = 5*u + 21. What is the highest common divisor of q and 9?
9
Let h = 176 - 80. Calculate the greatest common divisor of h and 12.
12
Let f be 86/8 + (-4)/(-16). What is the highest common factor of f and 55?
11
Let t(g) = -2*g**3 - 8*g**2 + 5*g + 3. Let y be t(-6). What is the highest common divisor of y and 13?
13
Suppose -4*k + 276 = 5*s - 16, k = 4*s - 221. Calculate the highest common divisor of s and 28.
28
Let t be -3 - -50 - (-6 - -3). What is the highest common divisor of t and 20?
10
Let p(c) = 15*c - 3 + 3 - 3 + 0*c. Let n be 4*2 + 1 + 0. Let h be p(n). What is the greatest common divisor of 12 and h?
12
Suppose 0 = -j - 5, 495 = 3*q + 2*q - 3*j. Calculate the highest common factor of 12 and q.
12
Suppose 59 = 4*z + 5*s, -5*z + s = 57 - 167. Calculate the highest common divisor of z and 7.
7
Let v(m) = -4 - 3*m**2 + m**2 + 0*m**3 - 3*m**3 - 2*m. Let r be v(-3). What is the highest common divisor of 26 and r?
13
Suppose -4*c + 10 = -6. Suppose -c = 5*n + 6, s - 14 = 3*n. Suppose 0 = 3*q + 2*m - 52, -5*q - 3*m + 84 + 4 = 0. Calculate the highest common factor of s and q.
4
Let p be 17 - -1 - (-9 - -9). Calculate the greatest common divisor of p and 9.
9
Suppose 0 = -y - y + 4. Let o(s) = -s**2 + 4*s - 3. Let j be o(3). Suppose 4*x + j*h + 4*h = 52, x + 2*h = 18. Calculate the greatest common factor of x and y.
2
Suppose -4*x + 5*m = -2*x + 8, -4*m = -5*x + 14. Suppose -x*h + 88 = -2*h. Let n be (-1 - -2) + 53 - -1. Calculate the greatest common divisor of n and h.
11
Suppose g - 4*j - 13 = 0, 2 = 2*g - 4*g + j. Let d be 2*25*g/(-6). Calculate the greatest common divisor of 5 and d.
5
Let g be (-20)/(-4)*(-33)/(-5). Let p = 15 + -10. Suppose p*z - 88 = z. What is the greatest common factor of z and g?
11
Suppose 3*g - 4*c + 9*c = 41, g + c = 17. Let z be (-3)/(-2)*2/3. Suppose -2*j + z = -3. Calculate the highest common factor of g and j.
2
Let u(z) = 25*z**3 - 2*z**2 + 1. Let t be u(1). Suppose 4*k - 3*c = t, -4*k + 34 = 4*c + 1